{"id":290,"date":"2025-12-23T17:35:22","date_gmt":"2025-12-23T17:35:22","guid":{"rendered":"https:\/\/ytororo.com.br\/?page_id=290"},"modified":"2025-12-23T18:06:59","modified_gmt":"2025-12-23T18:06:59","slug":"290-2","status":"publish","type":"page","link":"https:\/\/ytororo.com.br\/index.php\/290-2\/","title":{"rendered":"Card\u00e1pio"},"content":{"rendered":"\n<figure class=\"wp-block-image size-full\"><img loading=\"lazy\" decoding=\"async\" width=\"936\" height=\"506\" src=\"http:\/\/ytororo.com.br\/wp-content\/uploads\/2021\/08\/yotoror_2021-5-2.jpg\" alt=\"\" class=\"wp-image-164\" srcset=\"https:\/\/ytororo.com.br\/wp-content\/uploads\/2021\/08\/yotoror_2021-5-2.jpg 936w, https:\/\/ytororo.com.br\/wp-content\/uploads\/2021\/08\/yotoror_2021-5-2-300x162.jpg 300w, https:\/\/ytororo.com.br\/wp-content\/uploads\/2021\/08\/yotoror_2021-5-2-768x415.jpg 768w, https:\/\/ytororo.com.br\/wp-content\/uploads\/2021\/08\/yotoror_2021-5-2-925x500.jpg 925w\" sizes=\"auto, (max-width: 936px) 100vw, 936px\" \/><\/figure>\n\n\n\n<p class=\"has-text-align-center\">Eco pousada Ytoror\u00f4 o som das \u00e1guas<\/p>\n\n\n\n<p class=\"has-text-align-center\">MEN\u00da YTOROR\u00d4<\/p>\n\n\n\n<p>Cozinha Vegetariana e Vegana<\/p>\n\n\n\n<p>Pizza Brotinho (2 por\u00e7\u00f5es: Marguerita\/Mu\u00e7arela R$ 30<\/p>\n\n\n\n<p>Pizza Pequena (4 por\u00e7\u00f5es) R$ 50<\/p>\n\n\n\n<p>Marguerita\/Mu\u00e7arela Pizza Media (6 por\u00e7\u00f5es) R$ 70<\/p>\n\n\n\n<p>Marguerita\/Mu\u00e7arela Pizza Grande (08 por\u00e7\u00f5es): Marguerita\/Mu\u00e7arela R$ 90<\/p>\n\n\n\n<p>SALADAS<\/p>\n\n\n\n<p>Salada 1: Tomate\/alface\/cebola R$ 18<\/p>\n\n\n\n<p>Salada 2: Cenoura\/azeitona petra\/folhas amargas R$ 25<br><br>DA NOSSA COZINHA Bolinho de Arroz Integral c\/ Ervas e Mostarda (06 unidades)<\/p>\n\n\n\n<p>Burrito de P\u00e3o S\u00efrio (Queijo\/tomate\/ Ervas finas) R$ 35<br>Sandu\u00edche Integral de queijo e tomate R$ 35<br>Hamburguer vegetariano ou vegano R$ 40<br>Quiche Integral de Couve-Flor e Milho R$ 35<\/p>\n\n\n\n<p>Quiche Integral de Milho e Queijo R$ 35<\/p>\n\n\n\n<p>Macarr\u00e3o c\/ Molho de Tomate caseiro (Trigo\/Integral ou Gluten free) R$ 30<\/p>\n\n\n\n<p>Empanadas Argentinas: Verdura\/queijo\/ milho e cebola R$ 70 (Minimo 6 Unidades)<\/p>\n\n\n\n<p>Tapioca grande queijo ou banana R$ 20<\/p>\n\n\n\n<p>PRATO DO DIA R$ 45 Consulte com a nossa cozinha<\/p>\n\n\n\n<p>BEBIDAS<\/p>\n\n\n\n<p>Refrigerante (350ml) R$ 7<\/p>\n\n\n\n<p>Cerveja Heineken (350ml) R$ 15<\/p>\n\n\n\n<p>Suco de Frutas (Frutas da esta\u00e7\u00e3o) R$ 15<\/p>\n\n\n\n<p>\u00c1gua Mineral da nossa nascente cortesia da casa Vinhos sob consulta<\/p>\n\n\n\n<p>HOR\u00c1RIO: 18:00 A 20:00 Pedidos at\u00e9 18:00<\/p>\n","protected":false},"excerpt":{"rendered":"<p>Eco pousada Ytoror\u00f4 o som das \u00e1guas MEN\u00da YTOROR\u00d4 Cozinha Vegetariana e Vegana Pizza Brotinho (2 por\u00e7\u00f5es: Marguerita\/Mu\u00e7arela R$ 30 Pizza Pequena (4 por\u00e7\u00f5es) R$ [&#8230;]<\/p>\n","protected":false},"author":1,"featured_media":0,"parent":0,"menu_order":0,"comment_status":"closed","ping_status":"closed","template":"","meta":{"footnotes":""},"class_list":["post-290","page","type-page","status-publish","hentry"],"_links":{"self":[{"href":"https:\/\/ytororo.com.br\/index.php\/wp-json\/wp\/v2\/pages\/290","targetHints":{"allow":["GET"]}}],"collection":[{"href":"https:\/\/ytororo.com.br\/index.php\/wp-json\/wp\/v2\/pages"}],"about":[{"href":"https:\/\/ytororo.com.br\/index.php\/wp-json\/wp\/v2\/types\/page"}],"author":[{"embeddable":true,"href":"https:\/\/ytororo.com.br\/index.php\/wp-json\/wp\/v2\/users\/1"}],"replies":[{"embeddable":true,"href":"https:\/\/ytororo.com.br\/index.php\/wp-json\/wp\/v2\/comments?post=290"}],"version-history":[{"count":3,"href":"https:\/\/ytororo.com.br\/index.php\/wp-json\/wp\/v2\/pages\/290\/revisions"}],"predecessor-version":[{"id":314,"href":"https:\/\/ytororo.com.br\/index.php\/wp-json\/wp\/v2\/pages\/290\/revisions\/314"}],"wp:attachment":[{"href":"https:\/\/ytororo.com.br\/index.php\/wp-json\/wp\/v2\/media?parent=290"}],"curies":[{"name":"wp","href":"https:\/\/api.w.org\/{rel}","templated":true}]}}